se 8, what is 276 + 1666403?
1666701
In base 10, what is 61603 - -300?
61903
In base 7, what is -12621 - -22352?
6431
In base 10, what is -3 + 3596932?
3596929
In base 14, what is 0 + -10009d7?
-10009d7
In base 6, what is 232 + -4022331?
-4022055
In base 10, what is -458943 - 446?
-459389
In base 2, what is 111111010110100001000 - -110?
111111010110100001110
In base 5, what is 310 + -32240034?
-32234224
In base 2, what is 111100110001010000010101 - -11?
111100110001010000011000
In base 10, what is 129496 - -383?
129879
In base 12, what is 277 + 2745b5?
274870
In base 12, what is -3398 - -4524?
1148
In base 9, what is -2565413 + 87?
-2565315
In base 15, what is -eea330 - -38?
-eea2e7
In base 10, what is 46435 - 95?
46340
In base 12, what is -520aabb - -1?
-520aaba
In base 14, what is -15719 - -1cba?
-1383d
In base 8, what is -16 - -15761271?
15761253
In base 10, what is 54302 + 366?
54668
In base 3, what is -1211 + 1111211010102?
1111211001121
In base 4, what is 101301323 + 230?
101302213
In base 14, what is -4cc477 - -3?
-4cc474
In base 16, what is -1b1 - 9400?
-95b1
In base 5, what is -204 + 2122400122?
2122344413
In base 12, what is 3434823 + 33?
3434856
In base 5, what is 1110 + 3414?
10024
In base 2, what is -110100 - 110101010010000011?
-110101010010110111
In base 14, what is -20cb3d - -4d?
-20cad0
In base 16, what is -29b5e + b?
-29b53
In base 12, what is -14 - 149265?
-149279
In base 13, what is 4c0 + -378?
145
In base 15, what is -471 + d8368?
d7de7
In base 5, what is 23313111310 - 4?
23313111301
In base 10, what is -4557773 - 4?
-4557777
In base 7, what is -1442 + -110645?
-112420
In base 2, what is -111001011001010111110100 - 100?
-111001011001010111111000
In base 12, what is -121a94 - -243?
-121851
In base 6, what is 13 - -40445512?
40445525
In base 7, what is 410 - 1234015?
-1233305
In base 7, what is -5533262 - 633?
-5534225
In base 13, what is -3cca99 - 6?
-3ccaa2
In base 15, what is 9 + 115eec1?
115eeca
In base 7, what is 54402 - -64304?
152006
In base 10, what is 229 + -417410?
-417181
In base 7, what is -6623112 - 2?
-6623114
In base 4, what is 2220302 + 123110?
3010012
In base 12, what is -91ba9 + -31?
-9201a
In base 12, what is 202 + 624175?
624377
In base 9, what is 24 + 151775?
151810
In base 10, what is -39 - -206410?
206371
In base 11, what is 25544 + -10?
25534
In base 13, what is 90 - 1b4784?
-1b46c4
In base 5, what is -21323301 - -20?
-21323231
In base 3, what is 10 - -11001000102222?
11001000110002
In base 13, what is -aa + a951?
a874
In base 11, what is -a3 - 315206?
-3152a9
In base 7, what is 126 + -46450021?
-46446562
In base 5, what is 13222031021 - 1?
13222031020
In base 5, what is 3 - 13141110103?
-13141110100
In base 15, what is -2de + -1c66?
-2055
In base 15, what is 3 + -c57a6?
-c57a3
In base 16, what is 115710 + 2?
115712
In base 10, what is 27045 - -1503?
28548
In base 15, what is -5 - -cd7c51d?
cd7c518
In base 14, what is -21a07 - 9b9?
-225c2
In base 10, what is 17952275 + 4?
17952279
In base 13, what is -63 + 2564?
2501
In base 7, what is -552 + 12603233?
12602351
In base 5, what is -111 - -404022203?
404022042
In base 8, what is -5 - 1415403231?
-1415403236
In base 11, what is -5 - -4216414?
421640a
In base 7, what is -1003 + -32034?
-33040
In base 13, what is 6b1 - -49?
72a
In base 13, what is c718 + 5b0?
ccc8
In base 4, what is -13110132 - 30322?
-13201120
In base 11, what is 5 - -62237048?
62237052
In base 15, what is 12 + 23cc7b?
23cc8d
In base 3, what is -100110 - 11121122020?
-11121222200
In base 13, what is 239 + 553b6?
55622
In base 16, what is eaf652c - -1?
eaf652d
In base 13, what is -c48 - -2931?
19b6
In base 10, what is -2747 + -50?
-2797
In base 2, what is -11100000100111110011111111101 + 0?
-11100000100111110011111111101
In base 9, what is -2143525 - -15?
-2143510
In base 5, what is 333011 - 342030?
-4014
In base 7, what is 21163 + 165541?
220034
In base 3, what is -201220100021 + 10011?
-201220020010
In base 7, what is -232 + -32131554?
-32132116
In base 9, what is -136734 + 611?
-136123
In base 16, what is -6 + -7877f29?
-7877f2f
In base 7, what is -53464 + 1434?
-52030
In base 7, what is -2 - -442656025?
442656023
In base 13, what is 5 - -59740a9?
59740b1
In base 3, what is 12022022 + -1022001110?
-1002202011
In base 5, what is -142 + 13101224?
13101032
In base 11, what is -3 - -11521591?
11521589
In base 2, what is 101 + 11011000100001011110000000?
11011000100001011110000101
In base 6, what is -43203 - -144303?
101100
In base 10, what is -162412 + -23?
-162435
In base 15, what is 26bb16b - 3?
26bb168
In base 2, what is -101000 - -1110000011101110?
1110000011000110
In base 6, what is -3 + -2335543000?
-2335543003
In base 13, what is -20957 + -147?
-20aa1
In base 12, what is -1034 + -337?
-136b
In base 11, what is 1 + 1820a14?
1820a15
In base 5, what is 333444104 - 20?
333444034
In base 11, what is 209 + -982a0a?
-982801
In base 15, what is -1 + 1057b33?
1057b32
In base 10, what is 1497994 - 162?
1497832
In base 5, what is -103003341111 + 1?
-103003341110
In base 6, what is 0 + -1022135155?
-1022135155
In base 13, what is 39 - -4836?
4872
In base 2, what is -1110110100001001111 + 1111111?
-1110110011111010000
In base 12, what is -2b3 - 12210?
-12503
In base 3, what is 21221120011 - 1120?
21221111121
In base 14, what is -ac6 - 1969?
-2651
In base 5, what is -433042131 - 20?
-433042201
In base 5, what is -212432 - -11444?
-200433
In base 15, what is 5ee249 - -14?
5ee25d
In base 7, what is -24 + -12202151?
-12202205
In base 12, what is -2248 + -a35?
-3081
In base 13, what is c60b65 + 3?
c60b68
In base 5, what is -1021430112312 + 3?
-1021430112304
In base 14, what is -6 + 5b0d4?
5b0cc
In base 8, what is -1652147 - -133?
-1652014
In base 14, what is -51b9 + -3a?
-5215
In base 5, what is -2 + 123310420?
123310413
In base 14, what is -4dcd774a + -3?
-4dcd774d
In base 16, what is 0 - 3586f?
-3586f
In base 6, what is -1230052540 - -2?
-1230052534
In base 3, what is -22 + -20111102202020?
-20111102202112
In base 11, what is 5480 - -24013?
29493
In base 5, what is -1 - 2432331114?
-2432331120
In base 5, what is 2232122111200 - 10?
2232122111140
In base 4, what is 12213122212 + -13332?
12213102220
In base 11, what is 18781 + 458?
19129
In base 16, what is -9a + -b9c8?
-ba62
In base 4, what is 302100211131 - 203?
302100210322
In base 3, what is 20002222201 - -220?
20010000121
In base 3, what is -212 + -10110212110?
-10110220022
In base 2, what is -100100111100101100111 + 111111?
-100100111100100101000
In base 8, what is -3544 - 7047?
-12613
In base 16, what is -374d94 - -5?
-374d8f
In base 16, what is a1 - 33981?
-338e0
In base 13, what is -43826 + 4a44?
-3bab2
In base 13, what is 617ba - 49?
61771
In base 16, what is 781d0 + 3?
781d3
In base 5, what is 1230442241 - -233?
1230443024
In base 8, what is -24 - -655231?
655205
In base 11, what is 254698a34 + -4?
254698a30
In base 5, what is 112011232 - 421?
112010311
In base 9, what is 403026 + -1032?
401884
In base 9, what is 558 + -126041?
-125372
In base 2, what is -1011101110111101101110 + -10100?
-1011101110111110000010
In base 8, what is 47201445 + 3?
47201450
In base 5, what is -210302204100 - 4?
-210302204104
In base 2, what is -110100000010010100 - -1110010011?
-110011110100000001
In base 2, what is -11 + -1010011000011001000101110000?
-1010011000011001000101110011
In base 6, what is -105230 + 253?
-104533
In base 15, what is 39 - bd73c9?
-bd7390
In base 12, what is -4ba81 - -73a7?
-44696
In base 9, what is 1406478 - -44?
1406533
In base 12, what is 21b420 + -246?
21b196
In base 14, what is 43164a - 6?
431644
In base 14, what is -4 - -1768b7a9?
1768b7a5
In base 7, what is 21225266 - 42?
21225224
In base 8, what is -13540 - -14736?
1176
In base 12, what is 127b + 19994?
1b053
In base 13, what is -5 - -12877019?
12877014
In base 5, what is -3423143443302 + 10?
-3423143443242
In base 8, what is 3260615 - -102?
3260717
In base 11, what is -a374904 - -2?
-a374902
In base 2, what is -110100111010100001101100110 + -100?
-110100111010100001101101010
In base 11, what is -11915 - -56a?
-11356
In base 4, what is -2012020301 + 31?
-2012020210
In base 12, what is 0 + -3854674?
-3854674
In base 16, what is 8 + -1f26d6f?
-1f26d67
In base 8, what is -44117